581 a composite number?
False
Is 1178537 composite?
False
Is 14489 a prime number?
True
Is 57667 a composite number?
False
Is 5834 composite?
True
Is 16847 a composite number?
True
Is 4547 a prime number?
True
Is 52807 prime?
True
Is 166063 composite?
False
Is 47051 prime?
True
Is 5669 composite?
False
Is 9773 composite?
True
Is 16787 a composite number?
False
Is 792443 a composite number?
False
Is 27437 a composite number?
False
Is 27418 a composite number?
True
Is 102761 a prime number?
True
Is 1486829 a composite number?
False
Is 31177 composite?
False
Is 134983 a prime number?
False
Is 13861 prime?
False
Is 1757 composite?
True
Is 691 prime?
True
Is 82637 prime?
False
Is 1291 a composite number?
False
Is 39157 prime?
True
Is 19 prime?
True
Is 312491 a composite number?
True
Is 587 a composite number?
False
Is 14461 composite?
False
Is 4138 composite?
True
Is 146867 prime?
False
Is 380129 a prime number?
True
Is 1076645 a prime number?
False
Is 4038109 composite?
True
Is 2681 a prime number?
False
Is 40435 composite?
True
Is 679 composite?
True
Is 189587 prime?
False
Is 171037 a composite number?
True
Is 21701 a prime number?
True
Is 253309 prime?
False
Is 26339 a prime number?
True
Is 78377 prime?
False
Is 3787 a prime number?
False
Is 17305 prime?
False
Is 1077209 a composite number?
True
Is 1761789 prime?
False
Is 980795 composite?
True
Is 2797 a prime number?
True
Is 36587 a composite number?
False
Is 208313 prime?
False
Is 68659 a prime number?
True
Is 327991 a prime number?
False
Is 3859 a composite number?
True
Is 7087 composite?
True
Is 582269 a composite number?
True
Is 111697 a composite number?
False
Is 1006 a composite number?
True
Is 20521 a prime number?
True
Is 129335 a prime number?
False
Is 18295 composite?
True
Is 966751 a composite number?
False
Is 24949 a composite number?
True
Is 176287 prime?
False
Is 109661 a composite number?
False
Is 12581 composite?
True
Is 28051 a composite number?
False
Is 9481 a prime number?
False
Is 1739 prime?
False
Is 148727 prime?
True
Is 1030847 a composite number?
False
Is 7061 prime?
False
Is 3259 prime?
True
Is 428731 a composite number?
False
Is 691 a prime number?
True
Is 229209 a composite number?
True
Is 215417 a composite number?
False
Is 9599 a prime number?
False
Is 2893 composite?
True
Is 39965 composite?
True
Is 635 a prime number?
False
Is 11467 a prime number?
True
Is 9133 prime?
True
Is 1387289 prime?
True
Is 20581 a composite number?
True
Is 33809 composite?
False
Is 2063 prime?
True
Is 4861 a prime number?
True
Is 15693 composite?
True
Is 31351 a composite number?
True
Is 63907 composite?
False
Is 46553 a prime number?
False
Is 5383 prime?
False
Is 954121 composite?
True
Is 6613 composite?
True
Is 1422367 a composite number?
False
Is 1077311 a composite number?
False
Is 101999 prime?
True
Is 32455 a composite number?
True
Is 4747 prime?
False
Is 1829 a prime number?
False
Is 12451 composite?
False
Is 11521 a composite number?
True
Is 24946 a composite number?
True
Is 3491 composite?
False
Is 11903 composite?
False
Is 70871 composite?
True
Is 85114 prime?
False
Is 328271 composite?
False
Is 27769 prime?
False
Is 905461 composite?
False
Is 540929 prime?
False
Is 5989 a composite number?
True
Is 26947 a prime number?
True
Is 13929 composite?
True
Is 15866 composite?
True
Is 33149 prime?
True
Is 15969 a prime number?
False
Is 89143 composite?
True
Is 6799 a prime number?
False
Is 7061 a prime number?
False
Is 193465 a composite number?
True
Is 27427 a composite number?
False
Is 256093 a composite number?
False
Is 2909 a composite number?
False
Is 92623 prime?
True
Is 7463 prime?
False
Is 426841 composite?
False
Is 106087 a composite number?
False
Is 24517 a composite number?
False
Is 8639 a prime number?
False
Is 290701 a prime number?
True
Is 1639 a composite number?
True
Is 98663 a prime number?
True
Is 66319 composite?
True
Is 115151 prime?
True
Is 8059 composite?
False
Is 3749 composite?
True
Is 195967 a composite number?
False
Is 499 a composite number?
False
Is 463549 prime?
True
Is 14851 a composite number?
False
Is 14957 prime?
True
Is 2627 a prime number?
False
Is 2559 composite?
True
Is 67741 composite?
False
Is 7283 a prime number?
True
Is 75161 a composite number?
False
Is 253499 a composite number?
True
Is 73121 a prime number?
True
Is 2047 a prime number?
False
Is 570337 a composite number?
True
Is 7363 a prime number?
False
Is 9619 prime?
True
Is 18591 prime?
False
Is 89861 a composite number?
True
Is 3371 a prime number?
True
Is 559631 a composite number?
False
Is 828179 a prime number?
False
Is 47597 prime?
False
Is 142673 composite?
False
Is 2151569 a prime number?
False
Is 151213 a prime number?
True
Is 1823 prime?
True
Is 3768627 a prime number?
False
Is 252691 a prime number?
True
Is 215297 a composite number?
False
Is 60179 prime?
False
Is 3319489 a composite number?
False
Is 899 a composite number?
True
Is 1531 a composite number?
False
Is 1567 a prime number?
True
Is 2927 composite?
False
Is 177257 a composite number?
False
Is 29905 a composite number?
True
Is 87839 composite?
True
Is 938589 a composite number?
True
Is 481427 prime?
False
Is 30949 a composite number?
False
Is 76513 a composite number?
True
Is 1361 composite?
False
Is 1981591 a composite number?
True
Is 48109 prime?
True
Is 143711 a composite number?
False
Is 436463 composite?
False
Is 5771 a composite number?
True
Is 222493 a prime number?
True
Is 33191 a prime number?
True
Is 1189 a composite number?
True
Is 222265 a composite number?
True
Is 162641 prime?
True
Is 4843 prime?
False
Is 438913 composite?
False
Is 4461 a prime number?
False
Is 314837 prime?
False
Is 12437 a composite number?
False
Is 43943 composite?
False
Is 6143 a composite number?
False
Is 13217 prime?
True
Is 16673 composite?
False
Is 25349 a prime number?
True
Is 381 prime?
False
Is 207699 composite?
True
Is 216607 prime?
True
Is 55453 composite?
True
Is 1280309 composite?
False
Is 146161 a prime number?
True
Is 33247 a composite number?
False
Is 750589 prime?
False
Is 56167 composite?
False
Is 54191 prime?
False
Is 7057 a composite number?
False
Is 234121 composite?
False
Is 37747 prime?
True
Is 4571 composite?
True
Is 1540085 a prime number?
False
Is 2366831 a prime number?
True
Is 87298 composite?
True
Is 26141 a prime number?
True
Is 42827 a composite number?
True
Is 5471 a composite number?
False
Is 110089 a composite number?
True
Is 187855 a prime number?
False
Is 13211 prime?
False
Is 18329 prime?
True
Is 40611 a composite number?
True
Is 219361 a composite number?
False
Is 41813 a prime number?
True
Is 27499 composite?
True
Is 12185 composite?
True
Is 138617 prime?
True
Is 390077 a composite number?
False
Is 57595 a prime number?
False
Is 23221 a composite number?
True
Is 515579 a prime number?
True
Is 71723 a composite number?
True
Is 883255 prime?
False
Is 125813 composite?
False
Is 89561 a prime number?
True
Is 59749 prime?
False
Is 55997 a prime number?
True
Is 2659 prime?
True
Is 9511 a composite number?
False
Is 218699 prime?
False
Is 939157 composite?
False
Is 158843 a composite number?
False
Is 2122171 a composite number?
True
Is 2184491 prime?
True
Is 434081 composite?
False
Is 41161 a composite number?
False
Is 1222861 composite?
True
Is 351271 a composite number?
True
Is 117101 prime?
True
Is 73279 composite?
True
Is 88589 composite?
False
Is 8263 a composite number?
False
Is 1282115 prime?
False
Is 510529 a composite number?
False
Is 3719 a prime number?
True
Is 48731 prime?
True
Is 64937 composite?
False
Is 24499 composite?
False
Is 15551 composite?
False
Is 103811 prime?
True
Is 551 a prime number?
False
Is 1343 composite?
True
Is 17569 prime?
True
Is 1337 a composite number?
True
Is 131041 composite?
False
Is 845567 a composite number?
False
Is 61027 composite?
False
Is 44691 a composite number?
True
Is 1355707 a prime number?
False
Is 29653 composite?
True
Is 456091 a composite number?
False
Is 36471 a prime number?
False
Is 30631 composite?
False
Is 7393 a prime number?
True
Is 449621 prime?
True
Is 3651 prime?
False
Is 3629 a composite number?
True
Is 134489 composite?
False
Is 19717 a composite number?
False
Is 1938205 composite?
True
Is 912335 prime?
False
Is 191 prime?
True
Is 16847 